{"id":167,"date":"2021-01-06T16:09:28","date_gmt":"2021-01-06T14:09:28","guid":{"rendered":"https:\/\/ugisl-swe.ddns.net\/?page_id=167"},"modified":"2021-01-06T16:09:29","modified_gmt":"2021-01-06T14:09:29","slug":"eftersamtal-postpartum","status":"publish","type":"page","link":"https:\/\/doulafranhjartat.se\/index.php\/eftersamtal-postpartum\/","title":{"rendered":"Eftersamtal postpartum"},"content":{"rendered":"\n<p style=\"text-align: justify;\">Eftersamtal kan inneh\u00e5lla olika tj\u00e4nster. F\u00f6r det f\u00f6rsta \u00e4r tanken att tillsammans bearbeta f\u00f6rlossningsf\u00f6rloppet. Vi pratar om allt som har skett och hittar svar p\u00e5 fr\u00e5gor som har uppkommit i efterhand.<\/p>\n<p style=\"text-align: justify;\">Den andra viktiga delen \u00e4r min praktiska hj\u00e4lp med bebisen och amningen om s\u00e5dant beh\u00f6vs.<\/p>\n<p style=\"text-align: justify;\">F\u00f6r det tredje finns jag till hj\u00e4lp och st\u00f6d med det praktiska d\u00e4r hemma om s\u00e5dant beh\u00f6vs \u2013 st\u00e4dning, ta hand om tv\u00e4tt, disk, enklare matlagning osv. Jag kan hj\u00e4lpa till med att ta hand om bebisen f\u00f6r en stund d\u00e5 ni kan njuta av lite egen tid, exempelvis g\u00e5 ut p\u00e5 en promenad med den nyf\u00f6dda om ni skulle vilja det.<\/p>\n","protected":false},"excerpt":{"rendered":"<p>Eftersamtal kan inneh\u00e5lla olika tj\u00e4nster. F\u00f6r det f\u00f6rsta \u00e4r tanken att tillsammans bearbeta f\u00f6rlossningsf\u00f6rloppet. Vi pratar om allt som har skett och hittar svar p\u00e5 fr\u00e5gor som har uppkommit i efterhand. Den andra viktiga delen \u00e4r min praktiska hj\u00e4lp med bebisen och amningen om s\u00e5dant beh\u00f6vs. F\u00f6r det tredje finns jag till hj\u00e4lp och st\u00f6d <a class=\"more-link\" href=\"https:\/\/doulafranhjartat.se\/index.php\/eftersamtal-postpartum\/\">Continue reading <i class=\"fa fa-chevron-right\"><\/i><\/a><\/p>\n","protected":false},"author":1,"featured_media":0,"parent":0,"menu_order":0,"comment_status":"closed","ping_status":"closed","template":"","meta":{"om_disable_all_campaigns":false,"_monsterinsights_skip_tracking":false,"_monsterinsights_sitenote_active":false,"_monsterinsights_sitenote_note":"","_monsterinsights_sitenote_category":0,"_uf_show_specific_survey":0,"_uf_disable_surveys":false,"footnotes":""},"class_list":["post-167","page","type-page","status-publish","hentry"],"aioseo_notices":[],"_links":{"self":[{"href":"https:\/\/doulafranhjartat.se\/index.php\/wp-json\/wp\/v2\/pages\/167","targetHints":{"allow":["GET"]}}],"collection":[{"href":"https:\/\/doulafranhjartat.se\/index.php\/wp-json\/wp\/v2\/pages"}],"about":[{"href":"https:\/\/doulafranhjartat.se\/index.php\/wp-json\/wp\/v2\/types\/page"}],"author":[{"embeddable":true,"href":"https:\/\/doulafranhjartat.se\/index.php\/wp-json\/wp\/v2\/users\/1"}],"replies":[{"embeddable":true,"href":"https:\/\/doulafranhjartat.se\/index.php\/wp-json\/wp\/v2\/comments?post=167"}],"version-history":[{"count":1,"href":"https:\/\/doulafranhjartat.se\/index.php\/wp-json\/wp\/v2\/pages\/167\/revisions"}],"predecessor-version":[{"id":170,"href":"https:\/\/doulafranhjartat.se\/index.php\/wp-json\/wp\/v2\/pages\/167\/revisions\/170"}],"wp:attachment":[{"href":"https:\/\/doulafranhjartat.se\/index.php\/wp-json\/wp\/v2\/media?parent=167"}],"curies":[{"name":"wp","href":"https:\/\/api.w.org\/{rel}","templated":true}]}}