{"id":148,"date":"2021-01-03T14:55:17","date_gmt":"2021-01-03T12:55:17","guid":{"rendered":"https:\/\/ugisl-swe.ddns.net\/?page_id=148"},"modified":"2026-02-05T09:16:22","modified_gmt":"2026-02-05T08:16:22","slug":"priser","status":"publish","type":"page","link":"https:\/\/doulafranhjartat.se\/index.php\/priser\/","title":{"rendered":"Priser"},"content":{"rendered":"\n<p>F\u00f6rsta kemim\u00f6te alltid gratis.<\/p>\n<h3>Doulapaket<\/h3>\n<p>Ing\u00e5r:<\/p>\n<ul style=\"list-style-type: disc;\">\n<li>F\u00f6rberedande samtal inf\u00f6r f\u00f6rlossningen (2-3 timmar)<\/li>\n<li>St\u00f6d under hela f\u00f6rlossningen<\/li>\n<li>Eftersamtal postpartum (ca 2 timmar)<\/li>\n<li>Jour tid 24 timmar om dygn tv\u00e5 veckor innan och 2 veckor efter det ber\u00e4knade f\u00f6rlossnings datumet.<\/li>\n<\/ul>\n<p>Pris: SEK 11000<\/p>\n<h3>Akut doulast\u00f6d\u00a0<\/h3>\n<p>Tj\u00e4nsten erbjuds i m\u00e5n av m\u00f6jlighet.\u00a0<\/p>\n<p>Pris: SEK 6000<\/p>\n<h3>F\u00f6rberedande samtal inf\u00f6r f\u00f6rlossningen (separat)<\/h3>\n<p>Pris: SEK 3500<\/p>\n<h3>Eftersamtal postpartum<\/h3>\n<p>Pris: SEK 2500<\/p>\n<h3 class=\"wp-block-heading\">Extra samtal<\/h3>\n<p> <\/p>\n<p>Pris: SEK 280 per timme<\/p>\n<h3>Postpartum care ritual med Rebozo \u201cClosing of the Bones\u201d<\/h3>\n<p>Pris: SEK 2500<\/p>\n<p><\/p>\n<p><\/p>\n<h3>Hyra av f\u00f6rlossningspool <strong>Birth Pool in a Box Regular<\/strong><\/h3>\n<p>Pris: SEK 2000 f\u00f6r 5 veckor<\/p>\n","protected":false},"excerpt":{"rendered":"<p>F\u00f6rsta kemim\u00f6te alltid gratis. Doulapaket Ing\u00e5r: F\u00f6rberedande samtal inf\u00f6r f\u00f6rlossningen (2-3 timmar) St\u00f6d under hela f\u00f6rlossningen Eftersamtal postpartum (ca 2 timmar) Jour tid 24 timmar om dygn tv\u00e5 veckor innan och 2 veckor efter det ber\u00e4knade f\u00f6rlossnings datumet. Pris: SEK 11000 Akut doulast\u00f6d\u00a0 Tj\u00e4nsten erbjuds i m\u00e5n av m\u00f6jlighet.\u00a0 Pris: SEK 6000 F\u00f6rberedande samtal inf\u00f6r <a class=\"more-link\" href=\"https:\/\/doulafranhjartat.se\/index.php\/priser\/\">Continue reading <i class=\"fa fa-chevron-right\"><\/i><\/a><\/p>\n","protected":false},"author":1,"featured_media":0,"parent":0,"menu_order":0,"comment_status":"closed","ping_status":"closed","template":"","meta":{"om_disable_all_campaigns":false,"_monsterinsights_skip_tracking":false,"_monsterinsights_sitenote_active":false,"_monsterinsights_sitenote_note":"","_monsterinsights_sitenote_category":0,"_uf_show_specific_survey":0,"_uf_disable_surveys":false,"footnotes":""},"class_list":["post-148","page","type-page","status-publish","hentry"],"aioseo_notices":[],"_links":{"self":[{"href":"https:\/\/doulafranhjartat.se\/index.php\/wp-json\/wp\/v2\/pages\/148","targetHints":{"allow":["GET"]}}],"collection":[{"href":"https:\/\/doulafranhjartat.se\/index.php\/wp-json\/wp\/v2\/pages"}],"about":[{"href":"https:\/\/doulafranhjartat.se\/index.php\/wp-json\/wp\/v2\/types\/page"}],"author":[{"embeddable":true,"href":"https:\/\/doulafranhjartat.se\/index.php\/wp-json\/wp\/v2\/users\/1"}],"replies":[{"embeddable":true,"href":"https:\/\/doulafranhjartat.se\/index.php\/wp-json\/wp\/v2\/comments?post=148"}],"version-history":[{"count":9,"href":"https:\/\/doulafranhjartat.se\/index.php\/wp-json\/wp\/v2\/pages\/148\/revisions"}],"predecessor-version":[{"id":419,"href":"https:\/\/doulafranhjartat.se\/index.php\/wp-json\/wp\/v2\/pages\/148\/revisions\/419"}],"wp:attachment":[{"href":"https:\/\/doulafranhjartat.se\/index.php\/wp-json\/wp\/v2\/media?parent=148"}],"curies":[{"name":"wp","href":"https:\/\/api.w.org\/{rel}","templated":true}]}}